29 a composite number?
False
Is 42991549 composite?
True
Is 30294034543 composite?
True
Is 7596801593 a composite number?
False
Is 2022876463 prime?
True
Is 350105107661 prime?
True
Is 31374380213 prime?
False
Is 5618938937 prime?
True
Is 14269909 a prime number?
True
Is 62615433499 prime?
False
Is 2608609219 composite?
False
Is 30057449477 composite?
True
Is 2392836721 composite?
True
Is 15211598695 a prime number?
False
Is 817018003 prime?
True
Is 445362289 a composite number?
False
Is 3197660017 composite?
True
Is 2418693413 prime?
False
Is 3423188347 prime?
True
Is 2272866301 a prime number?
True
Is 2061929731 prime?
False
Is 203926381 a composite number?
False
Is 29054269631 prime?
True
Is 2153587297 a prime number?
True
Is 138909161 a prime number?
False
Is 183375667 a composite number?
True
Is 1038130903 a prime number?
True
Is 20133983 a composite number?
False
Is 1447841399 a prime number?
True
Is 1255598483 a prime number?
False
Is 2087829587 a composite number?
False
Is 11957213917 prime?
False
Is 2171994733 composite?
True
Is 150619135 a prime number?
False
Is 25894727869 a composite number?
False
Is 1420388033 composite?
False
Is 657425981 a prime number?
False
Is 420219829 prime?
False
Is 14521571255 prime?
False
Is 5829575207 a prime number?
True
Is 11277448967 composite?
True
Is 59672838793 a composite number?
True
Is 49994050849 composite?
False
Is 449144071 composite?
True
Is 1977964139 prime?
True
Is 2210826533 a prime number?
True
Is 1006729099 prime?
True
Is 1133112677 a composite number?
True
Is 173471341 a composite number?
True
Is 386905507 a composite number?
False
Is 21355273417 prime?
True
Is 14212345823 a composite number?
True
Is 1230711899 prime?
False
Is 113916259 composite?
True
Is 47199648473 a prime number?
False
Is 8577516641 a prime number?
False
Is 24619723921 a composite number?
True
Is 1040542319 prime?
True
Is 9597630617 composite?
True
Is 1135551643 a composite number?
True
Is 106258387969 prime?
True
Is 5214170933 a composite number?
False
Is 12003206918 prime?
False
Is 346997141 prime?
True
Is 568963175069 composite?
False
Is 110953179157 a composite number?
False
Is 18913973509 composite?
True
Is 18989143009 a composite number?
False
Is 34422712301 prime?
True
Is 88878337 prime?
False
Is 1320262457 composite?
True
Is 1483612649 a composite number?
False
Is 768483913 a composite number?
False
Is 5594023973 prime?
True
Is 608416103 a prime number?
False
Is 2835152219 composite?
False
Is 26064583751 a prime number?
True
Is 140794733191 a prime number?
False
Is 1566194191 prime?
True
Is 611050577 prime?
True
Is 43760197241 prime?
False
Is 95982067 a composite number?
False
Is 133318166489 prime?
True
Is 4690646237 a composite number?
False
Is 1442540699 composite?
True
Is 14031169 a prime number?
True
Is 907980221 composite?
False
Is 3527406193 a prime number?
False
Is 1648394063 prime?
True
Is 486982149661 composite?
True
Is 3965177 a composite number?
True
Is 33093713 prime?
False
Is 4540688519 prime?
True
Is 5301581047 composite?
True
Is 456772717 prime?
False
Is 12895601 a composite number?
False
Is 29577117413 composite?
False
Is 4219317103 a composite number?
True
Is 476666273 a prime number?
True
Is 41300635471 prime?
False
Is 13152307151 composite?
True
Is 4836565343 a prime number?
True
Is 4542189083 a prime number?
True
Is 929501207 composite?
False
Is 46535441431 prime?
True
Is 834171023219 prime?
True
Is 236474272499 a composite number?
True
Is 2827416437 a composite number?
False
Is 2551980349 composite?
False
Is 77309770361 composite?
True
Is 401014181 composite?
False
Is 272140417 prime?
False
Is 21569507321 a composite number?
False
Is 3265164137 composite?
False
Is 260583250919 composite?
False
Is 3969688249 a composite number?
False
Is 776641751 composite?
False
Is 107135541595 a composite number?
True
Is 70343168839 composite?
False
Is 151514351 prime?
True
Is 272661607 composite?
False
Is 3142243837 prime?
True
Is 65861466785 composite?
True
Is 1596615179 a composite number?
False
Is 99180297811 composite?
True
Is 1882251907 a prime number?
True
Is 616836965 composite?
True
Is 2923216991 a prime number?
False
Is 7804891153 a composite number?
False
Is 96149785253 a composite number?
False
Is 1756860743 a composite number?
True
Is 2437740673 a prime number?
True
Is 975272007 composite?
True
Is 2842311527 a composite number?
True
Is 2232355981 composite?
False
Is 135143133 composite?
True
Is 38622553 a prime number?
True
Is 4705398787 prime?
True
Is 18072845159 a composite number?
False
Is 3043608797 a composite number?
False
Is 330113471 prime?
True
Is 30910315237 prime?
False
Is 1471375967 a prime number?
False
Is 235643878973 composite?
False
Is 290720467 a prime number?
True
Is 14291118187 prime?
False
Is 3953060783 a composite number?
True
Is 224287109 composite?
False
Is 1872841807 a prime number?
True
Is 27736495907 composite?
False
Is 127895083 composite?
False
Is 121207673141 a prime number?
True
Is 9048399029 a composite number?
False
Is 15548933311 a prime number?
True
Is 1228910239 composite?
False
Is 601659889 a composite number?
False
Is 2714980538 a composite number?
True
Is 162361005967 prime?
False
Is 2086059889 a composite number?
True
Is 28169698 a composite number?
True
Is 3813949255 a prime number?
False
Is 15616517057 a prime number?
True
Is 5943973757 a composite number?
False
Is 28230529 a composite number?
False
Is 226893112529 a prime number?
True
Is 6462215105 a composite number?
True
Is 3248653467 a prime number?
False
Is 386090501 prime?
False
Is 1981381387 a composite number?
False
Is 9077617117 a prime number?
True
Is 604451087 a composite number?
False
Is 24079273483 a composite number?
False
Is 37728250751 composite?
False
Is 81578872889 composite?
False
Is 260346557 composite?
True
Is 95538292261 a composite number?
False
Is 15379645373 a prime number?
False
Is 41484676637 a prime number?
True
Is 2553425039 a prime number?
False
Is 113913621641 prime?
False
Is 46860764771 composite?
True
Is 18455389133 a composite number?
True
Is 28518831197 a prime number?
True
Is 42093867073 composite?
False
Is 217828133 a prime number?
False
Is 6854219399 prime?
False
Is 24863703959 prime?
True
Is 448201417 a prime number?
True
Is 154040673323 prime?
True
Is 223787387 prime?
True
Is 14334272351 prime?
False
Is 6118179523 prime?
False
Is 359927287 composite?
False
Is 71821665543 a prime number?
False
Is 85251719467 prime?
True
Is 27402407 composite?
True
Is 2694751595 composite?
True
Is 237032977 a composite number?
True
Is 42430378519 prime?
False
Is 1541493689 prime?
True
Is 108342359 prime?
True
Is 630689541 a composite number?
True
Is 1553309851 prime?
True
Is 27949583162 a composite number?
True
Is 2260720261 a prime number?
True
Is 40313030387 a composite number?
True
Is 4928342929 composite?
True
Is 57597709 composite?
True
Is 14181601201 composite?
False
Is 13530848297 a prime number?
False
Is 1467578773 a prime number?
True
Is 13566120563 composite?
False
Is 4414999709 prime?
True
Is 191923433015 composite?
True
Is 25179402271 a composite number?
False
Is 15153887999 a composite number?
False
Is 31269488857 a composite number?
True
Is 1072693043 a composite number?
True
Is 37693140361 prime?
False
Is 248753842 composite?
True
Is 35667351697 a composite number?
False
Is 645659291 a prime number?
True
Is 45461142863 prime?
True
Is 72354428669 a composite number?
True
Is 31584130169 a prime number?
True
Is 2767283357 composite?
True
Is 8136768929 composite?
True
Is 15592229417 composite?
False
Is 298892773 a prime number?
True
Is 34071782399 a prime number?
True
Is 31876757 prime?
False
Is 7895959763 a prime number?
True
Is 11956973047 prime?
False
Is 11445731819 composite?
True
Is 107453388421 a prime number?
False
Is 381087906718 composite?
True
Is 116543005 a composite number?
True
Is 93059483123 a composite number?
False
Is 90985592653 a composite number?
False
Is 14095258329 a composite number?
True
Is 1681326329 prime?
True
Is 1934925361 a prime number?
False
Is 3707070709 composite?
False
Is 312340155617 composite?
True
Is 1526737937 a composite number?
False
Is 10939185601 a prime number?
True
Is 95513525647 prime?
True
Is 628086397 a prime number?
